Let o be ((-2)/(-4))/((-2)/(-16)). Suppose -4*g - o*u = -828, 0 = -g + 5*u + 247 - 64. Is g composite?
True
Suppose 5*w + 2*l - 48428 = 0, -5*w + 23162 + 25254 = -l. Let x = 13583 - w. Is x a composite number?
True
Let t(f) = f**3 + 12*f**2 + 6*f - 7. Let g be (-2)/(-9) + 518/(-63). Is t(g) composite?
True
Let j(m) = -26*m**3 + 2*m**2 + 34*m - 17. Is j(-11) composite?
False
Suppose -49*u = -38*u - 963743. Is u a composite number?
False
Is ((26408/(-40) - -7) + -1)*-5 prime?
True
Let m be (2 + -2)/2 + 4. Suppose 2*b = 5*u - 2525, -m*u + 5*b + 482 = -3*u. Let o = u + -245. Is o prime?
False
Suppose 5*k - 2*c = c + 15, -9 = -3*k - 3*c. Suppose 3*d + k*p = -p + 15, 2*p = 0. Suppose 8*y - d*y - 1017 = 0. Is y prime?
False
Suppose 2*s = 2*i + 88, 2*s - s + 3*i - 48 = 0. Suppose 0*g - 5*c + s = 2*g, 4*c = -3*g + 85. Is g prime?
False
Let k = -11144 - -22243. Is k a prime number?
False
Suppose 0 = -3*b + 3*p + 168, 2*p = b - 87 + 34. Let f = 188 + b. Is f prime?
False
Suppose 0 = -4*i - b + 5*b + 164, -b - 4 = 0. Suppose -699 = i*p - 40*p. Is p a composite number?
False
Suppose 15 = -5*s, -31*o + 28*o + 87198 = 5*s. Is o a prime number?
False
Is 4251 - 11/((-66)/42) a prime number?
False
Let r = 379 + 407. Suppose -4*w + 4366 - r = 0. Is w a composite number?
True
Let z(i) = -i**2 + 3*i + 2. Let m be z(2). Suppose 331 = -m*g + 5*g. Is g a composite number?
False
Suppose 2*f = -p + 3*p + 8992, 0 = -p + 3. Is f prime?
False
Suppose -3*z + 2 - 8 = 4*m, -4*z = -m - 11. Is -1 - 1/z - (-3285)/10 composite?
True
Suppose 0 = -0*d - 4*d + 12. Suppose -s - 10 = s, -d*r + 4*s + 44 = 0. Suppose -g + 13 + r = 0. Is g a prime number?
False
Let l = -31 - -33. Is (12948/9 + l)/((-14)/(-21)) a prime number?
True
Let c = 18 + -18. Suppose c = -2*n - 2*n + 1052. Is n a prime number?
True
Suppose -2*t - 3*c - 140 = 14, 4*t = -5*c - 310. Let y = 17 - t. Is y composite?
False
Suppose -5*g = 5*o - 1480, g - 117 = -5*o + 163. Suppose -7*a = -3*a - g. Let q = a + 74. Is q a prime number?
True
Let c(q) = -5*q**2 - 4*q - 3. Let u be c(8). Let i = 706 - u. Is i a prime number?
True
Let c(j) = 245*j + 131. Is c(16) a composite number?
False
Suppose 3*l = 7*l + 13972. Let f = 6076 + l. Let a = -1328 + f. Is a a composite number?
True
Suppose -10*a + 48 = -11*a. Let p be (16/48)/((-1)/a). Suppose 5*v = 20, 4*t = 5*v + 520 - p. Is t prime?
True
Suppose 0 = -5*t - 2*m - 2520, t + 2*m - 1496 = 4*t. Is (2 - t - -4)*(-1)/(-2) a prime number?
False
Let z(o) = 152509*o**2 + 19*o - 19. Is z(1) a composite number?
True
Let i be (-14456)/(-72) + (-6)/(-27). Let f = i + 440. Is f a prime number?
True
Let s(x) = -x + 1. Let v be s(5). Is (-4411)/(-3) + v/(-6) a composite number?
False
Suppose -2*z + 98 = -5*m, 116 = 3*z - 4*m - 45. Let j = -12 + 52. Let a = z - j. Is a a prime number?
True
Let q(p) = -2*p**3 - 8*p**2 - 3*p - 9. Let c be q(-4). Let v be c*4/(-6) + 275. Let d = v - 116. Is d a composite number?
False
Suppose v - 4*v + 33 = 0. Suppose -f + 5 = -v. Let q = f - 3. Is q composite?
False
Let i(b) = b**3 + 9*b**2 - 2*b - 8. Let r be i(-9). Suppose 6*z - r*z + 8 = 0. Suppose z*n = -2*n + 436. Is n a composite number?
False
Let u(g) be the third derivative of 1061*g**5/60 + g**4/12 + g**3/3 + 14*g**2. Is u(-1) composite?
False
Suppose -3*z - 137 = z + m, -z - 58 = 5*m. Let p = 847 - 233. Is (p/6)/((-11)/z) prime?
True
Suppose -3*s + 2882 = -s. Is s composite?
True
Let a = 12873 + -5542. Is a a prime number?
True
Let a be (10/4)/(((-9)/6)/(-3)). Suppose 4*x - 269 = -2*m - 1, -3*x - 722 = -a*m. Is m composite?
True
Let s(n) be the third derivative of -183*n**5/40 + n**4/12 + 5*n**3/3 + 7*n**2. Let b(a) be the first derivative of s(a). Is b(-3) prime?
False
Let j(w) = -4*w - 13. Let s be j(-4). Let v(g) = 60*g**2 - 6*g + 1. Is v(s) a composite number?
False
Let j(s) = 507*s + 3. Let l be j(8). Suppose 4*f - f = -5*m + 10200, -2*m = -3*f - l. Is (-8)/6*m/(-28) prime?
True
Let w = -16 + -959. Let l = w + 1806. Is l a composite number?
True
Let r be (-5 + -1)/(18/(-19308)). Suppose -4*d - u = -r, 4*d - 3962 = -4*u + 2462. Suppose -4*g + d = -1106. Is g prime?
False
Let p = -3 + 23. Suppose 0 = 5*c + 4 + 11, -237 = -4*m + 3*c. Suppose m = k + p. Is k composite?
False
Suppose 58*b = 82*b - 503832. Is b a composite number?
True
Let b(a) = 2*a + 17. Let f be b(-8). Let u be 56/(-20)*f*-355. Suppose -3*j = -j - u. Is j a composite number?
True
Let m(w) = 2221*w**2. Let i(f) = f + 5. Let l be i(-4). Is m(l) composite?
False
Let j(g) = g + 7. Let l be j(3). Suppose 3*z = l*z - 3101. Is z prime?
True
Suppose 22*l - 31*l + 10971 = 0. Is l a composite number?
True
Let y be 165 - (1 - 1)/2. Let b be 1 + 8/(-6) - 2/(-6). Suppose b*g - 5*z - 177 = -g, 0 = -g + 2*z + y. Is g a composite number?
False
Let m be 2178 + 3 + 2/(-2). Let u = m - 1503. Is u prime?
True
Let r(d) be the third derivative of 169*d**4/12 - d**3/2 + 4*d**2. Is r(2) a composite number?
False
Suppose -5*f = 20, 4*b = 2*b - 3*f - 20. Let o(u) = 70*u**2 - 7*u - 1. Is o(b) a composite number?
True
Let l = -949 - -1656. Is l a prime number?
False
Let i be ((-28)/(-5) - 2) + (-14)/(-35). Suppose 0 = 5*h - c - 427, -i*h - 3*c + 0*c = -334. Is h composite?
True
Let i be 0/(3 - 2) + -1444. Let s be i/(-7) + (-6)/21. Let b = s - 43. Is b prime?
True
Suppose -2*h + i + 3445 = 0, h - i + 1080 = 2804. Is h a prime number?
True
Suppose 2*f + 3*o - 19253 = 1494, 0 = 4*o - 12. Is f a composite number?
False
Let q(k) = -k**3 + 4*k**2 + k - 2. Let r be q(4). Suppose -r*b + 0*b + 14 = 0. Let v = 70 + b. Is v a prime number?
False
Let j(i) = -i**3 - 41*i**2 - 71*i - 242. Is j(-45) a prime number?
False
Let c(l) = -l**3 + 5*l**2 + 7*l + 5. Let o(x) = -4*x**3 + 15*x**2 + 23*x + 15. Let v(s) = -7*c(s) + 2*o(s). Suppose 4*w + 7 + 17 = 0. Is v(w) a prime number?
False
Let s(w) = 29 - 12 + 4*w + w**2 - 8*w**3 + 11*w**3 - 2*w**3. Is s(5) prime?
False
Let y(s) = -s**2 + 4*s + 2*s**2 + s**3 - 3*s + 1 + 2*s**2. Let c be y(-2). Suppose -c*m + m + 18 = 0. Is m prime?
False
Let x = -433 - 82. Let r = 1273 + x. Is r prime?
False
Let x(k) = -k**2 + 9*k - 2. Let y be x(6). Suppose 5*s + 140 = j, -597 = -4*j + 5*s - 52. Let h = j - y. Is h a composite number?
True
Let w(i) = 17710*i - 17. Is w(1) composite?
True
Is 18583/(-8 + 9 + 0) prime?
True
Let w(l) = 256*l**2 - 2*l - 2. Let x be w(-1). Suppose -x = 4*b + 4*a, -b - 5*a = -19 + 103. Let m = 102 + b. Is m a composite number?
False
Let p = -137 - -2178. Is p a composite number?
True
Let v(c) = -c**3 + 9*c**2 - 6*c - 9. Let w be v(8). Suppose w*u - 3*u = 5*z - 1945, -2*z - u = -765. Suppose z = 4*o + o. Is o a composite number?
True
Let k(u) = -u**3 - 3*u**2 + 3*u. Let y be k(-4). Suppose -y*x = -87 - 245. Suppose 0 = -3*i + 3*w + 1689, -x + 646 = i + 4*w. Is i a prime number?
True
Let y be 0 - (1 - -1) - -583. Let n = 1254 - y. Is n prime?
True
Let u(f) = 51*f + 7. Suppose 0*i + 4*r = 3*i - 20, i - 3*r - 10 = 0. Is u(i) a composite number?
False
Suppose -3*c + 5*b = -2505, -5*c - 2*b + 6*b = -4162. Suppose -8*m = -10*m + c. Is m prime?
False
Suppose -14*t - 50 = -9*t. Let y be (-136)/t + 4/10. Suppose -y*q = -10*q - 372. Is q a composite number?
True
Let h = -166 - -236. Let f = -67 - -88. Let b = h - f. Is b composite?
True
Is (74 - -41)*(-254)/(-10) prime?
False
Let n = -3131 + 6412. Is n prime?
False
Suppose -1889 = -5*w - 44. Suppose -w = 4*b - 7*b. Is b composite?
True
Suppose -7784 = -8*d + 19520. Is d a prime number?
True
Suppose 44 = -3*x - 22. Let i = -6 + x. Let h = i + 47. Is h prime?
True
Suppose -2*j = 0, j = -2*u + 4*u + 4. Let t be 17/(-34)*4/u. Is -174*t/4*-2 a prime number?
False
Suppose -3*q + 3*z + 2*z + 10 = 0, 4*q + 2*z = 22. Suppose -w + 2*c + 1299 = 0, 7*c + 6474 = q*w + 4*c. Is w composite?
True
Let c = -7 - -21. Suppose 4*n + 38 = c. Is (293/(-3))/(n/18) prime?
True
Let z(w) = -2669*w**3 - 2*w**2 + 6*w + 9. Is z(-2) a composite number?
False
Let w(x) be the second derivative of x**3/6 + 19*x**2/2 - 11*x. Is w(6) prime?
False
Let d be -2*2/1 - -496. Suppose 4*w = 1816 - d. Suppose -2*q + w = -457. Is q prime?
False
Suppose -13*v + 15*v - 12 = 0. Suppose 3*a = 2*y - 287, 0 = -v*y + y + 3*a + 722. Is y a prime number?
False
Is 2620 + (-2 - ((1 - -4) + -4)) a composite number?
False
Suppose -379